{"id":743,"date":"2020-10-20T10:21:23","date_gmt":"2020-10-20T09:21:23","guid":{"rendered":"https:\/\/vazdecarvalhowines.com\/site\/?page_id=743"},"modified":"2020-10-20T10:23:19","modified_gmt":"2020-10-20T09:23:19","slug":"politica-de-privacidade","status":"publish","type":"page","link":"https:\/\/vazdecarvalhowines.com\/site\/politica-de-privacidade\/","title":{"rendered":"Pol\u00edtica de Privacidade"},"content":{"rendered":"\n<p><strong>Pol\u00edtica de Privacidade<\/strong><\/p>\n\n\n\n<p>Esta pol\u00edtica de privacidade define como Vaz de Carvalho, Unipessoal Lda usa e protege todas as informa\u00e7\u00f5es que voc\u00ea d\u00e1 quando voc\u00ea usa o website www.vazdecarvalhowines.com. Vaz de Carvalho, Unipessoal Lda est\u00e1 empenhada em garantir que a sua privacidade est\u00e1 protegida. Vamos pedir que voc\u00ea forne\u00e7a certas informa\u00e7\u00f5es pelas quais voc\u00ea pode ser identificado quando usa este site, mas voc\u00ea pode ter certeza que elas s\u00f3 v\u00e3o ser utilizadas de acordo com esta declara\u00e7\u00e3o de privacidade. Vaz de Carvalho, Unipessoal Lda pode alterar esta pol\u00edtica de tempo em tempo, atualizando esta p\u00e1gina. Voc\u00ea deve verificar esta p\u00e1gina de tempo em tempo para garantir que voc\u00ea est\u00e1 satisfeito com as mudan\u00e7as. Esta pol\u00edtica \u00e9 v\u00e1lida a partir de 01 de janeiro de 2018.<br><br><strong>Quais s\u00e3o as informa\u00e7\u00f5es que coletamos?<\/strong><\/p>\n\n\n\n<p>N\u00f3s recolhemos dois tipos de usu\u00e1rios: dados que os usu\u00e1rios fornecem atrav\u00e9s do registo opcional e volunt\u00e1rio no nosso site, e agregados de rastreamento informa\u00e7\u00e3o derivada principalmente ao conciliar p\u00e1ginas visitas em todo o nosso site. Esta informa\u00e7\u00e3o ajuda-nos a adaptar melhor nosso conte\u00fado \u00e0s necessidades dos leitores e entender os dados demogr\u00e1ficos do nosso p\u00fablico. Enquanto n\u00f3s rastrearmos padr\u00f5es de tr\u00e1fego dos usu\u00e1rios do nosso site, n\u00f3s n\u00e3o comparamos essas informa\u00e7\u00f5es com dados sobre usu\u00e1rios individuais. No segmento de estat\u00edsticas de uso geral, de acordo com o nome de um usu\u00e1rio de dom\u00ednio, tipo de navegador, e o tipo MIME, lendo estas informa\u00e7\u00f5es a partir do navegador do usu\u00e1rio. Enquanto n\u00f3s controlarmos os termos de pesquisa que usu\u00e1rios inserem no nosso motor de pesquisa, esse rastreamento nunca \u00e9 associado a usu\u00e1rios individuais.<br><br><strong>O que fazemos com a informa\u00e7\u00e3o que recolhemos?&nbsp;<\/strong><\/p>\n\n\n\n<p>Precisamos dessas informa\u00e7\u00f5es para entender suas necessidades e fornecer-lhe um melhor servi\u00e7o e, em particular, pelas seguintes raz\u00f5es: &#8211; Podemos usar as informa\u00e7\u00f5es para melhorar os nossos produtos e servi\u00e7os &#8211; Para enviar periodicamente e-mails promocionais sobre novos produtos, ofertas especiais ou outras informa\u00e7\u00f5es que n\u00f3s pensamos que voc\u00ea pode achar interessante, usando o endere\u00e7o de e-mail que voc\u00ea forneceu &#8211; De vez em quando, tamb\u00e9m poderemos usar suas informa\u00e7\u00f5es para contat\u00e1-lo para fins de pesquisa de mercado. Podemos contact\u00e1-lo por e-mail ou telefone. Podemos usar as informa\u00e7\u00f5es para personalizar o site de acordo com seus interesses.<br><br><strong>Seguran\u00e7a<\/strong><\/p>\n\n\n\n<p>Estamos empenhados em garantir que suas informa\u00e7\u00f5es est\u00e3o seguras. A fim de evitar o acesso n\u00e3o autorizado ou divulga\u00e7\u00e3o, n\u00f3s pusemos em procedimentos f\u00edsicos, eletr\u00f4nicos e administrativos adequados para salvaguardar e proteger as informa\u00e7\u00f5es que coletamos online.<br><br><strong>Links para outros sites<\/strong><\/p>\n\n\n\n<p>Nosso site pode conter links para outros sites de interesse. No entanto, depois de ter usado esses links para deixar o nosso site, voc\u00ea deve notar que n\u00e3o temos qualquer controle sobre esse outro site. Portanto, n\u00e3o podemos ser respons\u00e1veis pela prote\u00e7\u00e3o e privacidade de qualquer informa\u00e7\u00e3o que voc\u00ea fornecer enquanto visitam tais sites e tais sites n\u00e3o s\u00e3o regidos por esta declara\u00e7\u00e3o de privacidade. Voc\u00ea deve olhar para a declara\u00e7\u00e3o de privacidade aplic\u00e1vel no site em quest\u00e3o.<br><br><strong>Controlando a sua informa\u00e7\u00e3o pessoal<\/strong><\/p>\n\n\n\n<p>N\u00f3s n\u00e3o iremos vender, distribuir ou alugar suas informa\u00e7\u00f5es pessoais a terceiros a menos que tenhamos a sua permiss\u00e3o ou se formos obrigados por lei a faz\u00ea-lo. N\u00f3s podemos usar suas informa\u00e7\u00f5es pessoais para lhe enviar informa\u00e7\u00e3o promocional sobre terceiros que n\u00f3s pensamos que voc\u00ea pode achar interessante se voc\u00ea nos disser que voc\u00ea deseja que isso aconte\u00e7a. Se voc\u00ea acredita que qualquer informa\u00e7\u00e3o que estamos a realizar sobre voc\u00ea est\u00e1 incorreta ou incompleta, por favor escreva-nos o mais rapidamente poss\u00edvel. Vamos corrigir prontamente qualquer informa\u00e7\u00e3o considerada incorreta. Se voc\u00ea j\u00e1 concordou com o uso suas informa\u00e7\u00f5es pessoais para fins de marketing direto, voc\u00ea pode mudar de ideias a qualquer momento por escrito ou e-mail para: vsantos@rvcwines.com.<br><br><strong>Uso de Cookies<\/strong><\/p>\n\n\n\n<p>Cookies s\u00e3o pequenos arquivos de texto armazenados no seu computador. Os cookies n\u00e3o armazenam informa\u00e7\u00f5es sens\u00edveis, tais como seu nome, endere\u00e7o ou detalhes de pagamento. O site Vaz de Carvalho, Unipessoal Lda utiliza cookies para operar o cesto, para fornecer funcionalidades tais como &#8220;Minha Conta&#8221; e para lembrar de voc\u00ea quando voc\u00ea retornar ao nosso site. Para fazer uma compra no site da Vaz de Carvalho, Unipessoal Lda, voc\u00ea precisa ter os cookies ativados. Se voc\u00ea n\u00e3o quiser habilitar os cookies, voc\u00ea ainda ser\u00e1 capaz de navegar no site para fins de pesquisa. A maioria dos navegadores com os cookies ativados como padr\u00e3o, pois sem estes a funcionalidade de muitos sites \u00e9 comprometida. Se voc\u00ea gostaria de saber mais sobre cookies em geral e como gerenci\u00e1-los, visita www.aboutcookies.org.&nbsp;<br><br><strong>&#8211; Cookies de terceiros<\/strong><br>O site Vaz de Carvalho, Unipessoal Lda n\u00e3o usa cookies de terceiros para redes de publicidade ou empresas parceiras, ou para a comercializa\u00e7\u00e3o dos visitantes e clientes fora do pr\u00f3prio site.<br><br><strong>&#8211; Google e o grupo Google de empresas:<\/strong><br>O site Vaz de Carvalho, Unipessoal Lda usa o Google Analytics para o acompanhamento geral do uso do site.<br><br><strong>&#8211; Compartilhamento de conte\u00fado e Redes Sociais:<\/strong><br>Se voc\u00ea aproveitar a oportunidade para partilhar conte\u00fado Vaz de Carvalho, Unipessoal Lda com os amigos atrav\u00e9s de redes sociais &#8211; como Facebook e Twitter &#8211; pode ser enviado cookies a partir destes sites. N\u00f3s n\u00e3o controlamos a fixa\u00e7\u00e3o desses cookies, por isso, verifique os sites de terceiros para obter mais informa\u00e7\u00f5es sobre os seus cookies e como gerenci\u00e1-los.<\/p>\n","protected":false},"excerpt":{"rendered":"<p>Pol\u00edtica de Privacidade Esta pol\u00edtica de privacidade define como Vaz de Carvalho, Unipessoal Lda usa e protege todas as informa\u00e7\u00f5es que voc\u00ea d\u00e1 quando voc\u00ea usa o website www.vazdecarvalhowines.com. Vaz de Carvalho, Unipessoal Lda est\u00e1 empenhada em garantir que a sua privacidade est\u00e1 protegida. Vamos pedir que voc\u00ea forne\u00e7a certas informa\u00e7\u00f5es pelas quais voc\u00ea pode&#8230;<\/p>\n","protected":false},"author":2,"featured_media":0,"parent":0,"menu_order":0,"comment_status":"closed","ping_status":"closed","template":"","meta":{"footnotes":""},"yoast_head":"<!-- This site is optimized with the Yoast SEO plugin v21.5 - https:\/\/yoast.com\/wordpress\/plugins\/seo\/ -->\n<title>Pol\u00edtica de Privacidade - Vaz de Carvalho Wines<\/title>\n<meta name=\"robots\" content=\"index, follow, max-snippet:-1, max-image-preview:large, max-video-preview:-1\" \/>\n<link rel=\"canonical\" href=\"https:\/\/vazdecarvalhowines.com\/site\/politica-de-privacidade\/\" \/>\n<meta property=\"og:locale\" content=\"pt_PT\" \/>\n<meta property=\"og:type\" content=\"article\" \/>\n<meta property=\"og:title\" content=\"Pol\u00edtica de Privacidade - Vaz de Carvalho Wines\" \/>\n<meta property=\"og:description\" content=\"Pol\u00edtica de Privacidade Esta pol\u00edtica de privacidade define como Vaz de Carvalho, Unipessoal Lda usa e protege todas as informa\u00e7\u00f5es que voc\u00ea d\u00e1 quando voc\u00ea usa o website www.vazdecarvalhowines.com. Vaz de Carvalho, Unipessoal Lda est\u00e1 empenhada em garantir que a sua privacidade est\u00e1 protegida. Vamos pedir que voc\u00ea forne\u00e7a certas informa\u00e7\u00f5es pelas quais voc\u00ea pode...\" \/>\n<meta property=\"og:url\" content=\"https:\/\/vazdecarvalhowines.com\/site\/politica-de-privacidade\/\" \/>\n<meta property=\"og:site_name\" content=\"Vaz de Carvalho Wines\" \/>\n<meta property=\"article:modified_time\" content=\"2020-10-20T09:23:19+00:00\" \/>\n<meta name=\"twitter:card\" content=\"summary_large_image\" \/>\n<meta name=\"twitter:label1\" content=\"Tempo estimado de leitura\" \/>\n\t<meta name=\"twitter:data1\" content=\"5 minutos\" \/>\n<script type=\"application\/ld+json\" class=\"yoast-schema-graph\">{\"@context\":\"https:\/\/schema.org\",\"@graph\":[{\"@type\":\"WebPage\",\"@id\":\"https:\/\/vazdecarvalhowines.com\/site\/politica-de-privacidade\/\",\"url\":\"https:\/\/vazdecarvalhowines.com\/site\/politica-de-privacidade\/\",\"name\":\"Pol\u00edtica de Privacidade - Vaz de Carvalho Wines\",\"isPartOf\":{\"@id\":\"https:\/\/vazdecarvalhowines.com\/site\/?lang=en\/#website\"},\"datePublished\":\"2020-10-20T09:21:23+00:00\",\"dateModified\":\"2020-10-20T09:23:19+00:00\",\"breadcrumb\":{\"@id\":\"https:\/\/vazdecarvalhowines.com\/site\/politica-de-privacidade\/#breadcrumb\"},\"inLanguage\":\"pt-PT\",\"potentialAction\":[{\"@type\":\"ReadAction\",\"target\":[\"https:\/\/vazdecarvalhowines.com\/site\/politica-de-privacidade\/\"]}]},{\"@type\":\"BreadcrumbList\",\"@id\":\"https:\/\/vazdecarvalhowines.com\/site\/politica-de-privacidade\/#breadcrumb\",\"itemListElement\":[{\"@type\":\"ListItem\",\"position\":1,\"name\":\"In\u00edcio\",\"item\":\"https:\/\/vazdecarvalhowines.com\/site\/\"},{\"@type\":\"ListItem\",\"position\":2,\"name\":\"Pol\u00edtica de Privacidade\"}]},{\"@type\":\"WebSite\",\"@id\":\"https:\/\/vazdecarvalhowines.com\/site\/?lang=en\/#website\",\"url\":\"https:\/\/vazdecarvalhowines.com\/site\/?lang=en\/\",\"name\":\"Vaz de Carvalho Wines\",\"description\":\"\",\"potentialAction\":[{\"@type\":\"SearchAction\",\"target\":{\"@type\":\"EntryPoint\",\"urlTemplate\":\"https:\/\/vazdecarvalhowines.com\/site\/?lang=en\/?s={search_term_string}\"},\"query-input\":\"required name=search_term_string\"}],\"inLanguage\":\"pt-PT\"}]}<\/script>\n<!-- \/ Yoast SEO plugin. -->","yoast_head_json":{"title":"Pol\u00edtica de Privacidade - Vaz de Carvalho Wines","robots":{"index":"index","follow":"follow","max-snippet":"max-snippet:-1","max-image-preview":"max-image-preview:large","max-video-preview":"max-video-preview:-1"},"canonical":"https:\/\/vazdecarvalhowines.com\/site\/politica-de-privacidade\/","og_locale":"pt_PT","og_type":"article","og_title":"Pol\u00edtica de Privacidade - Vaz de Carvalho Wines","og_description":"Pol\u00edtica de Privacidade Esta pol\u00edtica de privacidade define como Vaz de Carvalho, Unipessoal Lda usa e protege todas as informa\u00e7\u00f5es que voc\u00ea d\u00e1 quando voc\u00ea usa o website www.vazdecarvalhowines.com. Vaz de Carvalho, Unipessoal Lda est\u00e1 empenhada em garantir que a sua privacidade est\u00e1 protegida. Vamos pedir que voc\u00ea forne\u00e7a certas informa\u00e7\u00f5es pelas quais voc\u00ea pode...","og_url":"https:\/\/vazdecarvalhowines.com\/site\/politica-de-privacidade\/","og_site_name":"Vaz de Carvalho Wines","article_modified_time":"2020-10-20T09:23:19+00:00","twitter_card":"summary_large_image","twitter_misc":{"Tempo estimado de leitura":"5 minutos"},"schema":{"@context":"https:\/\/schema.org","@graph":[{"@type":"WebPage","@id":"https:\/\/vazdecarvalhowines.com\/site\/politica-de-privacidade\/","url":"https:\/\/vazdecarvalhowines.com\/site\/politica-de-privacidade\/","name":"Pol\u00edtica de Privacidade - Vaz de Carvalho Wines","isPartOf":{"@id":"https:\/\/vazdecarvalhowines.com\/site\/?lang=en\/#website"},"datePublished":"2020-10-20T09:21:23+00:00","dateModified":"2020-10-20T09:23:19+00:00","breadcrumb":{"@id":"https:\/\/vazdecarvalhowines.com\/site\/politica-de-privacidade\/#breadcrumb"},"inLanguage":"pt-PT","potentialAction":[{"@type":"ReadAction","target":["https:\/\/vazdecarvalhowines.com\/site\/politica-de-privacidade\/"]}]},{"@type":"BreadcrumbList","@id":"https:\/\/vazdecarvalhowines.com\/site\/politica-de-privacidade\/#breadcrumb","itemListElement":[{"@type":"ListItem","position":1,"name":"In\u00edcio","item":"https:\/\/vazdecarvalhowines.com\/site\/"},{"@type":"ListItem","position":2,"name":"Pol\u00edtica de Privacidade"}]},{"@type":"WebSite","@id":"https:\/\/vazdecarvalhowines.com\/site\/?lang=en\/#website","url":"https:\/\/vazdecarvalhowines.com\/site\/?lang=en\/","name":"Vaz de Carvalho Wines","description":"","potentialAction":[{"@type":"SearchAction","target":{"@type":"EntryPoint","urlTemplate":"https:\/\/vazdecarvalhowines.com\/site\/?lang=en\/?s={search_term_string}"},"query-input":"required name=search_term_string"}],"inLanguage":"pt-PT"}]}},"_links":{"self":[{"href":"https:\/\/vazdecarvalhowines.com\/site\/wp-json\/wp\/v2\/pages\/743"}],"collection":[{"href":"https:\/\/vazdecarvalhowines.com\/site\/wp-json\/wp\/v2\/pages"}],"about":[{"href":"https:\/\/vazdecarvalhowines.com\/site\/wp-json\/wp\/v2\/types\/page"}],"author":[{"embeddable":true,"href":"https:\/\/vazdecarvalhowines.com\/site\/wp-json\/wp\/v2\/users\/2"}],"replies":[{"embeddable":true,"href":"https:\/\/vazdecarvalhowines.com\/site\/wp-json\/wp\/v2\/comments?post=743"}],"version-history":[{"count":2,"href":"https:\/\/vazdecarvalhowines.com\/site\/wp-json\/wp\/v2\/pages\/743\/revisions"}],"predecessor-version":[{"id":745,"href":"https:\/\/vazdecarvalhowines.com\/site\/wp-json\/wp\/v2\/pages\/743\/revisions\/745"}],"wp:attachment":[{"href":"https:\/\/vazdecarvalhowines.com\/site\/wp-json\/wp\/v2\/media?parent=743"}],"curies":[{"name":"wp","href":"https:\/\/api.w.org\/{rel}","templated":true}]}}